208167 a composite number?
True
Is 15568717 composite?
False
Is 233286349 prime?
True
Is 35641621 a prime number?
False
Is 169985813 composite?
True
Is 11409947 composite?
False
Is 1139533 prime?
False
Is 187379 a prime number?
True
Is 202608671 a prime number?
True
Is 944369 a prime number?
True
Is 64940167 a prime number?
True
Is 12423347 a prime number?
True
Is 430571 a prime number?
True
Is 3061259 a prime number?
True
Is 2707909 a composite number?
False
Is 2433979 a prime number?
True
Is 44378929 composite?
True
Is 40693 a prime number?
True
Is 881347 prime?
False
Is 190247273 composite?
False
Is 55431497 composite?
True
Is 132482429 composite?
True
Is 5705417 prime?
True
Is 1551365 composite?
True
Is 4358899 a prime number?
True
Is 20604539 composite?
False
Is 42426991 composite?
False
Is 15847469 a prime number?
False
Is 6379922 composite?
True
Is 1588507 prime?
True
Is 64121 a prime number?
False
Is 9323449 a prime number?
True
Is 921047 composite?
True
Is 1305182813 prime?
False
Is 1735345 a prime number?
False
Is 432997 composite?
True
Is 945743 composite?
True
Is 1603739 a composite number?
True
Is 546162566 a composite number?
True
Is 9481469 a composite number?
True
Is 22555577 composite?
True
Is 166388441 composite?
False
Is 1940857 prime?
False
Is 375734003 a prime number?
False
Is 219872963 a composite number?
False
Is 51118931 a composite number?
False
Is 498317 a prime number?
False
Is 41836421 prime?
False
Is 821473 prime?
False
Is 3131927 a composite number?
True
Is 106447297 composite?
True
Is 1384343 a composite number?
False
Is 954367 composite?
False
Is 57355271 prime?
False
Is 53248145 prime?
False
Is 1470757 composite?
False
Is 8783059 prime?
False
Is 149463203 prime?
False
Is 11811847 composite?
False
Is 4996535 a composite number?
True
Is 715169059 a prime number?
False
Is 54912197 a prime number?
True
Is 1154347123 composite?
True
Is 137473729 a composite number?
False
Is 14058581 a composite number?
True
Is 9096467 a composite number?
True
Is 24774731 prime?
True
Is 324640507 composite?
True
Is 97265299 prime?
True
Is 517889 a composite number?
True
Is 58405198 a prime number?
False
Is 48837883 a prime number?
True
Is 119181687 a composite number?
True
Is 5756783 a composite number?
True
Is 69576127 prime?
False
Is 2195717 a composite number?
False
Is 39787711 prime?
True
Is 325939 composite?
False
Is 4569262 a composite number?
True
Is 572087 a prime number?
True
Is 5673401 prime?
True
Is 27348641 prime?
True
Is 8795317 prime?
False
Is 31385059 composite?
False
Is 559421 a composite number?
False
Is 3342553 composite?
False
Is 4440991 prime?
True
Is 4269767 composite?
False
Is 18165487 a prime number?
False
Is 79663553 a composite number?
True
Is 1324361 a composite number?
False
Is 6833391 a prime number?
False
Is 31377441 prime?
False
Is 28233883 prime?
True
Is 92676961 a prime number?
False
Is 987953 composite?
True
Is 39860477 prime?
False
Is 46391887 a composite number?
False
Is 3137243 composite?
False
Is 359632333 a prime number?
False
Is 28181443 prime?
False
Is 7037567 prime?
False
Is 3171187 a composite number?
False
Is 16267211 prime?
False
Is 65333407 a composite number?
True
Is 1813121 prime?
True
Is 347401 a prime number?
True
Is 244936837 a composite number?
False
Is 1160639 composite?
False
Is 312439 composite?
True
Is 843577 prime?
False
Is 1199969 composite?
False
Is 432655111 a composite number?
True
Is 22807061 composite?
True
Is 13976593 prime?
False
Is 2364709 prime?
True
Is 3039659 composite?
True
Is 607937933 a composite number?
True
Is 21513749 composite?
False
Is 502066 composite?
True
Is 1095897383 composite?
True
Is 370529 prime?
True
Is 115040543 a prime number?
True
Is 111868489 a prime number?
True
Is 40920679 prime?
True
Is 1918733 a composite number?
False
Is 12768619 a composite number?
False
Is 1434991 prime?
True
Is 6622619 prime?
True
Is 225534821 composite?
True
Is 81492461 composite?
True
Is 377961631 composite?
False
Is 349413 prime?
False
Is 3467759 composite?
False
Is 28141961 prime?
True
Is 16133501 composite?
False
Is 141727 a composite number?
True
Is 5980553 prime?
False
Is 66507107 prime?
True
Is 663931 prime?
False
Is 12077071 a composite number?
False
Is 215867623 prime?
False
Is 2856739 a composite number?
True
Is 67844017 prime?
False
Is 7047431 prime?
True
Is 17654167 a composite number?
False
Is 4370159 a prime number?
True
Is 4640189 prime?
False
Is 971833 a prime number?
True
Is 6772907 composite?
True
Is 6162107 prime?
False
Is 1200379 a composite number?
True
Is 89570707 a composite number?
False
Is 5906933 a composite number?
False
Is 2729803 a composite number?
False
Is 6078847 prime?
False
Is 57769357 a composite number?
True
Is 13300277 composite?
True
Is 1176313 composite?
True
Is 37620481 composite?
False
Is 8423953 prime?
True
Is 101808179 a prime number?
False
Is 7603333 a prime number?
True
Is 740990273 prime?
True
Is 2993377 composite?
True
Is 55017493 composite?
False
Is 107383091 prime?
True
Is 19629607 prime?
False
Is 234967121 prime?
False
Is 2419757 a composite number?
True
Is 22972747 composite?
True
Is 821939527 composite?
False
Is 8241899 a prime number?
True
Is 1310711 prime?
False
Is 262178743 a composite number?
True
Is 5107177 a prime number?
True
Is 4202219 prime?
False
Is 36726815 prime?
False
Is 3128339 prime?
True
Is 4567481 a prime number?
True
Is 41629537 prime?
True
Is 18358331 prime?
True
Is 35597217 composite?
True
Is 4690573 prime?
False
Is 257273 a prime number?
True
Is 45528789 prime?
False
Is 6218581 composite?
False
Is 152967781 a prime number?
True
Is 5039273 a prime number?
True
Is 3075797 a composite number?
False
Is 168869089 a prime number?
True
Is 100291703 prime?
False
Is 63233219 composite?
True
Is 53351435 a composite number?
True
Is 2568739 a prime number?
True
Is 7979161 prime?
False
Is 99182003 a prime number?
False
Is 6256373 prime?
False
Is 1651579 a prime number?
False
Is 503079413 a composite number?
False
Is 5797247 prime?
True
Is 212045887 a prime number?
True
Is 1656827 composite?
False
Is 2556301 prime?
False
Is 5828215 a prime number?
False
Is 149351 a prime number?
True
Is 31448141 a composite number?
False
Is 15193567 composite?
False
Is 68724571 a composite number?
True
Is 3690653 prime?
False
Is 42178739 composite?
False
Is 2139091 composite?
False
Is 5905726 a composite number?
True
Is 1976099 a composite number?
False
Is 185406623 composite?
True
Is 265936133 a composite number?
False
Is 18370673 a composite number?
False
Is 100807013 a composite number?
True
Is 40286789 prime?
False
Is 505191119 composite?
False
Is 894569 composite?
True
Is 52138699 prime?
False
Is 49640839 a prime number?
True
Is 65056661 composite?
True
Is 7762091 a prime number?
True
Is 1345363 composite?
True
Is 8640179 a composite number?
True
Is 109049477 prime?
True
Is 502861 composite?
False
Is 133973 prime?
False
Is 220651 prime?
False
Is 14867477 composite?
True
Is 2955137 prime?
False
Is 14910307 a prime number?
False
Is 5699647 composite?
False
Is 56645009 composite?
False
Is 1933397 a prime number?
True
Is 121921 prime?
True
Is 196857439 a prime number?
True
Is 22580489 prime?
False
Is 49095479 a prime number?
True
Is 3712031 a prime number?
False
Is 116754343 a prime number?
True
Is 96893311 composite?
True
Is 26846971 a composite number?
False
Is 4211393 composite?
True
Is 1034250621 prime?
False
Is 105449 composite?
False
Is 46930423 a composite number?
True
Is 12135241 a composite number?
True
Is 162506441 prime?
False
Is 4201747 composite?
True
Is 2950539 prime?
False
Is 47394715 a prime number?
False
Is 9358513 a composite number?
True
Is 90791 composite?
True
Is 8705339 a composite number?
True
Is 784279 a prime number?
False
Is 167858911 composite?
True
Is 96556867 prime?
False
Is 128219213 prime?
False
Is 692221 prime?
True
Is 382117 a composite number?
False
Is 80917531 prime?
False
Is 114140009 a composite number?
False
Is 49096759 composite?
True
Is 1538461 composite?
False
Is 153156041 a prime number?
True
Is 184550869 a composite number?
False
Is 24903661 composite?
True
Is 4568545 a composite number?
True
Is 61121719 a prime number?
False
Is 106837 a prime number?
False
Is 212777 a prime number